 = 3*o - 6*o + 177. What is the remainder when o is divided by w?
13
Suppose -3*y - 272 = -n - 2*y, y + 1079 = 4*n. Suppose -5*s + 5*q + 260 = 0, 5*s = -3*q - 17 + n. What is the remainder when s is divided by 18?
15
Let q be 2/14 - (-236)/14. Let p be q/5 + (-6)/15. Suppose p*a - a = -z + 36, 74 = 4*a + z. Calculate the remainder when a is divided by 7.
5
Let n(u) = -u**3 - 10*u**2 + 133*u + 1493. Calculate the remainder when n(-23) is divided by 17.
7
Suppose -3*d = -w - 6 - 0, 2*d + 3 = 3*w. Suppose -d*j = -j - 128. Let o(l) = -2*l**2 + 60*l + 715. Calculate the remainder when j is divided by o(-9).
12
Let m(d) = d**2 - 7*d + 80. Suppose -4*s + 3*p = -55, 2*p - p + 14 = s. Calculate the remainder when m(8) is divided by s.
10
Suppose 0 = q + k - 3 + 7, 0 = -q + 3*k + 12. Suppose q = -65*p + 57*p + 584. Calculate the remainder when p is divided by 21.
10
Let f(y) = y**3 + 30*y**2 - 22*y - 49. Let m be f(-31). Let w = 352 + m. What is the remainder when 239 is divided by w?
23
Suppose 15*g - 19*g = -148. Let r = 46 + g. What is the remainder when r is divided by 15?
8
Suppose 6*s + 2*f - 134 = 5*s, -3*f - 605 = -5*s. Suppose 0 = 8*q - 7*q - s. Calculate the remainder when q is divided by 26.
20
Let h(b) = 396*b - 107 - 388*b - 81. Suppose a = f + 36, -2*a + f - 12 + 82 = 0. What is the remainder when a is divided by h(25)?
10
Let l = 1527 + -1518. What is the remainder when 1483 is divided by l?
7
What is the remainder when (6 - 190/30)*-471 is divided by 11?
3
Let d = 1267 - 1277. Let z be (-182)/(-8) - (-1)/4. Let v = z + d. Calculate the remainder when v is divided by 8.
5
Suppose -107 - 743 = 10*v. Let m = v + 210. Calculate the remainder when m is divided by 32.
29
Let m(n) = -12*n - 4. Let y(c) = -2*c + 20. Let d be y(11). Let j be m(d). Calculate the remainder when ((-2)/10 - (-4)/j) + 77 is divided by 13.
12
Suppose 0 = 6*p - 136 + 220. Let y(c) = c**3 + 13*c**2 - 18*c - 53. Calculate the remainder when 16 is divided by y(p).
1
Suppose -5*d = 3*l - 194, 3*d + 61*l = 56*l + 126. Calculate the remainder when 480 is divided by d.
36
Suppose 21 + 85 = y. Let s(t) = -1574*t - 10990. What is the remainder when y is divided by s(-7)?
22
Suppose 2*t - a - 651 = 0, 31*t - a - 973 = 28*t. Calculate the remainder when t is divided by 101.
19
Let o be 27/18 - 15/(-6). Suppose 0*g = -5*h - 2*g + 46, o*h = 2*g + 26. Calculate the remainder when 11 is divided by h.
3
Let m be (-2)/(-8) - 4/((-64)/732). Let l = m - 43. What is the remainder when (8 - l)*4*(-95)/(-20) is divided by 14?
11
Let g(b) = 3*b**2 + 21*b + 20. Calculate the remainder when 96 is divided by g(-6).
0
Suppose 11*f = 18*f + 280. Suppose d - 403 = -3*i, -4*d = -4 - 12. Let r = f + i. Calculate the remainder when r is divided by 24.
21
Suppose 0 = k - 2, 2*m + 0*k - 824 = k. Suppose -4*j + m = t, 5*j + 2*t = 3*j + 202. Calculate the remainder when j is divided by 7.
6
Suppose 25*c = 4*c. Suppose 3*z - 35 - 124 = c. Calculate the remainder when 261 is divided by z.
49
Let d = 0 - -10. Suppose 14*q - 344 = d*q. Suppose 2*t = 16 + 14. What is the remainder when q is divided by t?
11
Let l be 0/(0 + 1) - 1. Let h(x) = -29*x - 24. Calculate the remainder when 14 is divided by h(l).
4
Suppose 5*h - 45 = -5*t, 0 - 4 = -h + 4*t. Suppose h = -2*q, 5*q = -4*d + 3*q + 188. What is the remainder when 389 is divided by d?
46
Let j = 45 + -30. Suppose -2*y - 4*w = -504 - 0, 1260 = 5*y + 5*w. Calculate the remainder when y is divided by j.
12
Suppose 0 = -2*a + 4 - 2. Suppose 6*h + 13*h = 1425. What is the remainder when h is divided by 1 + a - (-27 - -3)?
23
Suppose -5*h - 408 = l, -5*h = -h + 3*l + 333. Let f = 149 + h. Let k = -35905 + 35923. What is the remainder when f is divided by k?
14
Let q be (0 - 0)/(8 + -10). Suppose 5*m - 415 = -4*s, m = -q*m + 4*s + 59. What is the remainder when 470 is divided by m?
75
Let a(b) = -b**3 - 22*b**2 + 53*b + 84. Let w be a(-24). What is the remainder when 1/6 + (-894)/w is divided by -1 - -14 - 2 - -2?
12
Let u = 42 - 27. Let k be 36/8*70/(-21). What is the remainder when u is divided by (6 - (-95)/k)/((-1)/18)?
3
Let y(n) = -46*n - 20. Let l be y(-3). Suppose -k - 82 = -l. Calculate the remainder when 134 is divided by k.
26
Let i = 772 + -244. Let h = -478 + i. Calculate the remainder when 445 is divided by h.
45
Let l = -731 - -982. Calculate the remainder when l is divided by ((-65 - 2)*1)/(-1).
50
Calculate the remainder when 355 is divided by 3 - 60/21 - 34481/(-203).
15
Let a = 0 + 8. Suppose -412 = -2*s + 3*d, -2*s - 351*d + 352*d = -424. What is the remainder when s is divided by a?
7
Suppose 2282*d - 2254*d = 3976. What is the remainder when 793 is divided by d?
83
Let n(m) = -6*m + 218. Let p be 534/15 + -1 + 24/60. What is the remainder when n(p) is divided by 4?
0
Let k(a) be the second derivative of 19*a**3/3 - 20*a**2 - 33*a. What is the remainder when 289 is divided by k(3)?
67
Suppose -10 - 8 = -9*b. Suppose -4*m = -b*m - 6, 5*h + 5*m - 790 = 0. Calculate the remainder when h is divided by 53.
49
Suppose -r = -r + 4*r. Calculate the remainder when (-6)/15 + 141/15 + 0 is divided by ((-6)/(-8))/((4 + r)/16).
0
Let q(z) = 81*z + 1240. Calculate the remainder when 1491 is divided by q(-13).
182
Let y = 1 + -92. Let s = y + 131. Suppose -3*r + s = -38. What is the remainder when 129 is divided by r?
25
Suppose -173*d + 9729 + 8415 = -11*d. Let q = 89 + -64. What is the remainder when d is divided by q?
12
Let i(t) = -6*t**3 + t**2 - 11*t - 12. Let r(n) = -5*n**3 + n**2 - 10*n - 12. Let u(j) = -6*i(j) + 7*r(j). What is the remainder when u(5) is divided by 18?
10
Suppose -3*t = -4*w - 33, 0 = 2*t - 0*w - 2*w - 22. Suppose -5 = -5*f - 3*a + 6, -5*f + 9 = 2*a. What is the remainder when (-18)/(f*4/(-6)) is divided by t?
5
Suppose -12 = -2*k - 0*k. Suppose 0 = -5*p - h - 421, 5*p + 5*h = 2*p - 257. Let f = p + 86. Calculate the remainder when k is divided by f.
0
Let t = 35227 - 35098. Calculate the remainder when 1255 is divided by t.
94
Let f(m) = -47*m + 35. Let w(u) = u - 3. Let o(r) = -f(r) - 5*w(r). Let n(b) = 28*b**2 - 1. Calculate the remainder when n(1) is divided by o(1).
5
Calculate the remainder when 29 + 3075/(-105) - (-6015)/7 is divided by 38.
23
Suppose 2123 = -15*i + 143. Calculate the remainder when (-41)/(-3) + (-4)/6 is divided by i/(-15) + (72/15)/(-6).
5
What is the remainder when 116 is divided by (-46)/(6 - 10 - -2)?
1
Suppose 8*s + 238 = 846. Suppose 0 = 5*i + 5*g - 620, -2*i + g - s = -339. Suppose -546 = -9*f - 150. What is the remainder when i is divided by f?
41
Suppose z - 3*q = 4*z - 18, -2*q - 9 = -z. Suppose -37*s = -2706 - 2363. Calculate the remainder when s is divided by z.
4
Let k(t) = -312*t + 400. Let u be k(5). Calculate the remainder when 111 is divided by (-24)/(-32)*u/(-30).
24
Suppose 19*h - 98 + 3 = 0. Suppose h*f + 26*f = 496. What is the remainder when 76 is divided by f?
12
Let d be (3 - (-27)/(-4))/(15/(-80)). Suppose 0 = -d*v + 23*v + 141. Let x = v + 52. Calculate the remainder when x is divided by 5.
0
Let a(n) = 2*n**2 - 8*n + 13. Let r be a(3). Suppose q - 2*p - 2 = -r*p, -q + 4*p = -11. Calculate the remainder when 72 is divided by q.
2
Suppose -5*s = -4*s - 24. Suppose 3*r + 83 = 2*q - 36, 3*r = 4*q - 229. Suppose 4*y = -t + 187, -y + t + q = 4*t. What is the remainder when y is divided by s?
22
Suppose d - 3 = -3*q, -4*d - 22*q = -18*q + 20. Calculate the remainder when 448 is divided by 4/(-36)*d*45.
43
Let j = 216 - -274. Suppose -6*x = -11*x + j. Let y = x + -83. What is the remainder when 89 is divided by y?
14
Let c(p) = 88*p - 5276. What is the remainder when 923 is divided by c(61)?
3
Let b = 230 - 48. Suppose 0 = 5*g + 47 - b. Let c = 14 + -8. What is the remainder when g is divided by c?
3
Let l(s) = -2*s**2 + 208*s - 979. What is the remainder when (19/(-2) - -2)*-4 is divided by l(5)?
8
Let f be (-54)/(-162) - (-2)/(-6). Suppose -3*o - 5*u = -91, f = 19*o - 21*o + u + 52. What is the remainder when o is divided by 7?
6
Suppose 15*k = 63 + 1032. Suppose 32 = 3*o + 23, 2*t = -5*o + k. What is the remainder when 160 is divided by t?
15
Suppose 249*f + 61*f = 110050. What is the remainder when f is divided by 18?
13
Let h = 8515 + -8445. Calculate the remainder when 1457 is di